ors of l.
2
Suppose 0 = -3*s + 27 + 6. List the prime factors of s.
11
Let p(b) = b + 9. Let u be p(-3). Suppose m + 10 = u*m. What are the prime factors of m?
2
What are the prime factors of (-14)/49 + (-237)/(-21)?
11
Suppose -w + 6 = 2*w. List the prime factors of 66/4 - w/(-4).
17
Let n = 82 - 37. List the prime factors of n.
3, 5
Let p be (-4)/(-8) - 111/6. Let s = p + 31. What are the prime factors of s?
13
Let x(m) = m**3 + 41. What are the prime factors of x(0)?
41
Let s(n) be the first derivative of n**4/2 + n**2/2 - n + 1. Let o be s(1). Suppose -o = 2*m - 10. What are the prime factors of m?
2
Let c = -57 + 40. Let r = c + 32. What are the prime factors of r?
3, 5
Suppose 5*u - n - 241 = 0, -5*u - 136 = 5*n - 371. What are the prime factors of u?
2, 3
Let o(z) = -2*z - 6. Suppose -d - 22 = 4*w, 3*d + d - 4*w = -8. List the prime factors of o(d).
2, 3
Let y be 0/3 + 1 + -1. Suppose u - 4*u + 12 = y. Suppose -u*g + b + 12 = 0, -5*g + 4*b + 4 = -0. What are the prime factors of g?
2
Suppose -5*s - 2 = 2*l + 4, -6 = -4*s + 2*l. Suppose s*h - 2*h = -24. List the prime factors of h.
2, 3
Let p(q) be the second derivative of 1/20*q**5 + q + 9/2*q**2 + q**3 + 0 + 7/12*q**4. What are the prime factors of p(-6)?
3
Suppose -p - 12 = -3*p. What are the prime factors of 21/(-2 - p/(-2))?
3, 7
Suppose -6*v = -2*v - 40. Let a = v - -11. List the prime factors of a.
3, 7
Let k = -38 + 80. What are the prime factors of k?
2, 3, 7
Suppose -4*a - 4*k + 20 = 0, 4*k + 2 = 4*a + 2*k. Let i be (-4)/6 + 4/6. Let l = a - i. List the prime factors of l.
2
Let a(p) = -2*p - 10. Let o be a(-7). Suppose -60 = o*h - 7*h. List the prime factors of h.
2, 5
Let n(u) = 2*u**3 + u**2 - 2*u - 1. What are the prime factors of n(3)?
2, 7
Suppose c + 4 = -2*k, -3*k + 4*c = -5*k - 10. What are the prime factors of (k + 3)*(-3)/(-2)?
3
Let x(g) = -10*g + 30. What are the prime factors of x(-9)?
2, 3, 5
Let j = -6 - -9. List the prime factors of j.
3
Suppose 0 = -f + 6*f - 115. List the prime factors of f.
23
Suppose 0*y = -3*y. Let k(c) = -c**2 + c + 24. Let w be k(y). Suppose p = -2*p + w. List the prime factors of p.
2
Let m(i) = -6 - i + 5*i + 2*i - i**2. Let t be m(6). What are the prime factors of 10/4*(-24)/t?
2, 5
Let r = -11 - -16. List the prime factors of r.
5
List the prime factors of 242/4 - 4/8.
2, 3, 5
Suppose 3*g + 13 = 76. Let o = g - 5. What are the prime factors of o?
2
Let y(h) = -h + 7. Let s be y(4). Suppose 0 = s*t - 10 - 17. List the prime factors of t.
3
Suppose -2*o - 4*r - 9 = -o, -18 = 3*o + 3*r. List the prime factors of ((-20)/14)/(o/35).
2, 5
Suppose 3*m - 1584 = -5*m. List the prime factors of m.
2, 3, 11
Let t = 4 + 7. Suppose -x = -2, -d - 6*x + 2*x + t = 0. Suppose 2*b = -2*r, 2*b + 4*r + 9 = d. What are the prime factors of b?
3
Let c(h) be the third derivative of -h**6/120 + h**5/6 + h**4/12 + 3*h**2. List the prime factors of c(10).
2, 5
What are the prime factors of (1 - 1)*1 + (-1210)/(-11)?
2, 5, 11
Let h = 90 + -20. What are the prime factors of h?
2, 5, 7
Suppose 5*i - 16 = 9. Suppose -q + 5 = -6. Let m = q - i. List the prime factors of m.
2, 3
What are the prime factors of (5/(-15))/((-1)/291)?
97
Suppose k = 8 + 24. What are the prime factors of k?
2
Suppose 7*p - 5*p - 72 = 0. Suppose -5*q = -p - 24. List the prime factors of q.
2, 3
Let a be (-3)/(-2) + 85/2. Let h = a + -31. What are the prime factors of h?
13
Let i(p) = -p**2 + p - 6. Let x be i(0). Let k be x/(0 - (3 - 2)). Suppose 3*a - 45 = -k. List the prime factors of a.
13
Let v(u) = -u**2 + 10*u - 6. List the prime factors of v(4).
2, 3
Let b = 2 - 21. Let q = b + 38. What are the prime factors of q?
19
List the prime factors of 534/27 - (-4)/18.
2, 5
Let m(z) = -10*z**3 - z - 1. Suppose 0 = a + p + 4, 0*p - 8 = -2*a + 2*p. Suppose 0*s - 5*s - 7 = -3*h, 3*s + 6 = a. List the prime factors of m(h).
2, 5
What are the prime factors of 5 + -1 + (-22)/(-22)?
5
Let x = -46 - -82. What are the prime factors of x?
2, 3
Let b(v) = -v**3 - 6*v**2 - 6*v + 5. What are the prime factors of b(-7)?
2, 3
Suppose 2*g + 0*g - 122 = 0. What are the prime factors of g?
61
Let g = 18 - -32. List the prime factors of g.
2, 5
Let v = 101 - 18. Let x be (0 + -1)*-1*v. Suppose 5*k = w + x, 25 = k + 6*w - 2*w. What are the prime factors of k?
17
Let x = 147 - 93. What are the prime factors of x?
2, 3
Let g(d) = d**3 + 3*d**2 - 6*d. Let p be g(-5). Let b = p - -38. List the prime factors of b.
2, 3
Suppose -d - 59 = 4*l, 5*l - 3*d + 79 = d. Let p be (4/(-10))/(1/l). Suppose -3*o - 2*c = -p*c - 25, -4*o = -3*c - 31. List the prime factors of o.
7
Suppose 4*x - 19 = 3*j, 4*x + 0*j = j + 9. Let c(t) = 58*t**2 - t. List the prime factors of c(x).
3, 19
Suppose 4*t - 6 = -4*a + 22, 5 = 3*a - t. Suppose c - a*c + 46 = 0. List the prime factors of c.
23
Let x be -7*(-1 - (-1 + 1)). Let n be x*(-3)/9*-3. Suppose -2*t - 50 = -n*t. What are the prime factors of t?
2, 5
List the prime factors of -1 + 4/6*288.
191
Let u = -8 + 27. Let r = 31 - u. Suppose 0*c - p = c - r, 0 = -4*c - 5*p + 49. List the prime factors of c.
11
Suppose -3*u + 2*g + 5 = 0, 9 = -u - 5*g - 12. Let v = 4 + u. Suppose -v*x + 4 + 8 = 0. List the prime factors of x.
2
Let o(g) = 5*g + 3. Let a be o(5). Let r = 12 - a. Let m = -9 - r. What are the prime factors of m?
7
Let y = 7 + 24. What are the prime factors of y?
31
Let l(s) = -5*s + 1. What are the prime factors of l(-2)?
11
Suppose -2*h = -3*r - 64, -3*h - 12 = -4*r - 106. List the prime factors of h.
2, 13
Suppose 3*z = s - 3*s + 224, 2*z + 4 = 0. What are the prime factors of s?
5, 23
Let w = 2 + 20. List the prime factors of w.
2, 11
Suppose l + t = 3*t + 12, -3*l = -2*t - 16. Suppose l*q = -q + 42. What are the prime factors of q?
2, 7
What are the prime factors of (18/(-5))/(-2*(-6)/(-160))?
2, 3
Let f(c) = -9*c - 20. What are the prime factors of f(-8)?
2, 13
Let r = 247 + -172. What are the prime factors of r?
3, 5
Let s be (0 + 0)/3 + 2. What are the prime factors of -3*(s/3 + -3)?
7
Let n(g) = -g**3 - 7*g**2 + 12*g + 2. What are the prime factors of n(-9)?
2, 7
Let z = 54 + -26. Let p = -22 + z. List the prime factors of p.
2, 3
Let m(t) = t**3 + 2*t**2 - 5*t - 2. Let j be m(-4). What are the prime factors of (-12)/(-42) - 360/j?
2, 13
Suppose -38 = -5*v + 282. What are the prime factors of v?
2
Suppose 0 = -f + 5 + 4. What are the prime factors of f?
3
Let y = 3 - 8. List the prime factors of ((-6)/(-8))/(y/(-180)).
3
Suppose 0 = 5*y + 2*a + 28, -4*y + 8*a - 29 = 3*a. Let i(r) = -r**3 - 4*r**2 + 10*r + 7. List the prime factors of i(y).
19
Let p(i) = i**3 - 2*i**2 - 4*i - 5. Let g be p(4). Let j = 4 + -5. Let a = g + j. List the prime factors of a.
2, 5
Suppose -24 = -0*g - 3*g. Let p(s) = s**2 - 6*s + 7. What are the prime factors of p(g)?
23
Suppose -157 = -3*v + 56. What are the prime factors of v?
71
Let d(b) = b + 2. Let n be d(0). Suppose -n = -4*u + 5*u. What are the prime factors of 9 + (u - -1) - 2?
2, 3
Let y(o) = 11*o - 10. Suppose 0 = 3*k - 5*k - 14. Let r(v) = 16*v - 15. Let c(t) = k*y(t) + 5*r(t). What are the prime factors of c(5)?
2, 5
Let o(z) = 4*z**2 + 3*z. Suppose p - 1 - 7 = 0. Let x(n) = -n**2 + 7*n + 6. Let w be x(p). What are the prime factors of o(w)?
2, 5
Suppose -4 = -3*p + 4*t, 5*p - 3*t + 7*t = 28. Suppose 28 = 4*r - 52. Suppose 0*f - f = p*z - r, 15 = 5*z. List the prime factors of f.
2
Suppose 4*k = -2*n + 8, -3*n - 5 = 3*k - 17. Suppose 0 = -5*g - 2*h + 295, 3*g + 0*h = h + 166. Suppose -3*x + 0*x + g = k. List the prime factors of x.
19
Suppose -c = -4*c + 12. Let g = c - -16. Suppose 0 = 2*o + 2 - g. List the prime factors of o.
3
Let m(f) = f**3 - f**2 - 2*f - 1. What are the prime factors of m(3)?
11
Let b = -13 + 12. Let o = 4 + b. What are the prime factors of o?
3
Suppose -4*v + 8 = 0, -2*o - 118 = o - 5*v. Let f = 53 + o. List the prime factors of f.
17
Suppose -p + 3*p - 32 = 0. Suppose 0 = -4*k + 2*z + p + 26, 4*z + 28 = k. List the prime factors of k.
2
Let o(b) = b**3 + 13*b**2 + 12*b + 11. List the prime factors of o(-12).
11
Suppose -10*f = -5*f - 80. What are the prime factors of f?
2
Suppose 0 = 5*l - 3 - 22. Suppose l*t + 1 = h - 53, 2*h = -t + 53. Suppose -98 = -4*w - 0*p + 2*p, 3*p - h = -2*w. What are the prime fa